at is o(q)?
-6
Let x(d) = -d + 1. Suppose 3*t + 7*t + 360 = 0. Let o = 32 + t. Calculate x(o).
5
Let l(f) = -f**2 + 7*f - 8. Let a = 74 - 24. Let g = a - 30. Suppose -5*s = -8*s - 2*z + g, -5*s + 34 = 4*z. Calculate l(s).
-2
Let a(l) = -l**3 - 7*l**2 - 7*l - 4. Let c = 3 - 0. Suppose -3*x + 5*x - m = -12, c*x - m + 18 = 0. Let k be a(x). Let j(f) = f**3 - 3*f**2 + 1. What is j(k)?
-3
Let o(z) = z**3 - 3*z + 4 - 6*z - 9*z + 19*z - 5*z**2. Let l be 18/5 + (-2)/(-5). Determine o(l).
-8
Let c(v) = v + 127 + 125 - 279. Calculate c(14).
-13
Suppose -13*s = -12*s - 5. Let m(x) = -11*x + 3*x**2 + 2*x**2 + 4 - 4*x**2 + 3*x. What is m(s)?
-11
Let h be (56/(-4))/7*(-1)/2. Let q(t) = -1. Let d(m) = -10*m + 5. Let n(s) = -d(s) - 4*q(s). Determine n(h).
9
Let m(x) = 15*x**2 - 8. Let d(f) = 7*f**2 - 5. Let r(n) = 5*d(n) - 3*m(n). Determine r(-1).
-11
Let q(w) be the second derivative of -w**5/20 + 5*w**4/6 - 11*w**3/6 - 9*w**2/2 - 2*w - 80. Determine q(9).
-27
Suppose 3*q - 162 + 21 = 0. Let l(c) = -4*c + c + q - 48. What is l(-2)?
5
Let y(o) = -o**2 + 18*o - 32. Let h(d) = 4*d**2 - 4*d - 31. Let k be h(-3). What is y(k)?
-15
Let m(i) = -922 + 909 - 44*i + 45*i. What is m(9)?
-4
Let l(a) = a**3 + 5*a**2 + 6*a - 2. Let j(q) = -q**2 - q. Let u(c) = -6*j(c) - l(c). Suppose -z + 9 = 2*z. Suppose 10 = -5*m, z*m + 0 = 2*i - 10. Give u(i).
-2
Let j(x) = -x**3 - 8*x**2 + x + 11. Let n(o) = 4*o - 24. Let a be n(7). Let k be (a/(-8))/(3/48). Give j(k).
3
Let f be 5/((-15)/(-51)) + -1. Suppose -30*h + 32*h = f. Let k(u) = u + 4 + u**2 - u**3 + h*u**3 - 6*u**3. What is k(0)?
4
Suppose 13 = -0*c + c. Let a = -6 + c. Let m(w) = -w**3 + 6*w**2 + 5*w + 2. Give m(a).
-12
Let o(a) = a + 4. Suppose 4*j - 14 = 3*u, -j = u + 3*j - 22. Suppose 0 = u*d - 3*c - 2, 0*c = -4*d - 2*c - 28. Give o(d).
-1
Let x(f) be the second derivative of f**4/4 + f**3/3 - 7*f**2/2 + 249*f. What is x(-3)?
14
Let w(y) = y**3 - 6. Let c(b) = 4*b + 6. Let m be c(12). Let a be m/(-21) - (-6)/(-14). Let p be 1/a + (-5)/(-15). What is w(p)?
-6
Let h(g) be the first derivative of g**3/3 + 4*g**2 + 7*g + 415. Suppose v + 7 - 32 = 0. Suppose -b - 4*b - v = 0. Calculate h(b).
-8
Let a(n) be the first derivative of -n**3/3 + n**2 + 12*n - 880. Determine a(9).
-51
Suppose 3 = j + 8. Let k(x) = x**2 + 4*x + 1. Let f be k(j). Let l(v) = -1. Let i(z) = -z - 4. Let o(p) = f*l(p) - i(p). Give o(0).
-2
Let l be 3/4 + (-1173)/(-68). Suppose -l + 0 = -6*m. Let p(i) = 5*i - 9*i + 1 - 4 + m*i. Calculate p(-2).
-1
Let q = -439 - -431. Let g(r) = 2*r - 3. Determine g(q).
-19
Let n(i) = -i**2 + 6*i - 6. Suppose 10 - 52 = 2*g. Let c = -8 - g. Let k = -9 + c. Calculate n(k).
2
Let o(m) = -m**3 - 7*m**2 + 6*m - 11. Let z = 861 - 869. What is o(z)?
5
Let p(y) be the third derivative of y**5/60 + 9*y**2. Let k(o) = 2 - 1 - o + 0*o - 3. Let i be k(-4). Give p(i).
4
Let u(b) = 2*b**2 + b. Let m be (-5)/(-10) + 5/2. Suppose m*d - 5*i - 170 = 0, 0*d + 5*i + 270 = 5*d. Let f be 2/4 + d/(-20). What is u(f)?
6
Let j(r) be the second derivative of -r**3/3 - r**2 - r. Let w = -30 + 21. Let y = w + 7. Calculate j(y).
2
Let f = 0 + -12. Let s = -13 - f. Let c(b) = -9*b**3. Give c(s).
9
Let z(u) be the second derivative of 1/360*u**6 - 4*u + 11/12*u**4 + 0*u**3 - 1/40*u**5 + 0 + 0*u**2. Let c(r) be the third derivative of z(r). Determine c(4).
5
Let p(m) = m**3 - 4*m**2 - 4*m - 5. Let t be (-1)/4*-3*4. Suppose -9*j + 20 = 2*r - 7*j, 3*r = 4*j + 23. Suppose 6 + r = t*w. What is p(w)?
0
Let m(i) = 6*i**2 - 4*i + 1. Let k be m(4). Suppose -k*p - 32 = -77*p. Let z(g) = -g**3 - 8*g**2 + 1. Determine z(p).
1
Let t(n) = -18*n + 8. Let y be t(-1). Suppose q + 3*g = 0, -2*q - 2*q - y = -g. Let a(b) = 1 - b**3 - 5*b**2 - 2*b - 9 + 7*b. Calculate a(q).
-2
Suppose 0 = 10*h - 15*h + 10. Let k(a) = -6*a - 1 + 4*a**h - 3*a**2 + 0*a. Determine k(7).
6
Let r(x) = -13*x + 16. Let n(c) = -30*c + 40. Let g(t) = -3*n(t) + 7*r(t). Suppose v - 8 = 2*v. Calculate g(v).
0
Let s(m) = 31*m - 185. Let y be s(6). Let f(g) = -3*g**3 - g + 1. Calculate f(y).
-3
Let t(q) = q**3 - 3*q**2 - 4*q - 4. Let u(s) be the first derivative of s**3 - 5*s**2/2 + 2*s - 20. Let l be 14/10 - (-6)/10. Let x be u(l). What is t(x)?
-4
Let y(i) be the third derivative of i**5/30 + i**4/3 - 3*i**3/2 - 16*i**2. Calculate y(-7).
33
Suppose 0 = 3*v - 93 - 36. Let s = v + -45. Let h(d) = 3*d - d + 0*d. Determine h(s).
-4
Let j(z) = 4*z - 3*z + 5*z + 4 - 3. What is j(-1)?
-5
Let m = 7 - 7. Suppose 0*a + 4*a - 8 = m. Let u(b) = 3 + b**2 + 4*b + 0*b**a + b. Determine u(-4).
-1
Let m(p) = -p**2 + 4*p + 4. Let j be 2/(-2) + (-20)/(-4). Let u be (j/(-3))/((-14)/(-63)). Let t(z) = -z - 1. Let d be t(u). Determine m(d).
-1
Let w(c) = -c + 1. Let f(d) = 4*d - 4. Let g(u) = -4*f(u) - 14*w(u). Let y be 9/6*(8/(-3))/(-1). Calculate g(y).
-6
Let z = 5 + 1. Suppose -36 = -z*d - 0*d. Let n(x) = -x - 4. What is n(d)?
-10
Let k(m) = -9*m**3 + 2*m**2 + 3. Let s(d) = -34*d**3 + 8*d**2 + 12. Let v(i) = 15*k(i) - 4*s(i). Determine v(2).
-3
Suppose 22*z = 27*z, -2*a - 12 = 2*z. Let x(m) = m**3 + 7*m**2 + 12*m + 35. What is x(a)?
-1
Let d(x) = 10*x + 11. Let b(m) = m + 2. Let u(v) = -5*b(v) + d(v). What is u(2)?
11
Let g = 25 + -26. Let x(p) = -p - 1. Let r(s) = 5*s + 1. Let n(q) = g*r(q) - 4*x(q). Let c = 6 + 0. Determine n(c).
-3
Suppose 0 = w + 2*a - 29, 2*w + 5*a = 3*w - 8. Let m = 18 - w. Let d(f) = -2 - 6*f**2 - 3 + f**3 - 5*f - 2*f**3. Determine d(m).
-5
Let b(t) = -8*t**3 + 25*t**2 + 17*t - 3. Let y(c) = 7*c**3 - 22*c**2 - 15*c + 3. Let l(x) = 6*b(x) + 7*y(x). Calculate l(4).
-9
Suppose -15*i + 26*i - 165 = 0. Let r(f) = -f**2 + 15*f - 4. Give r(i).
-4
Let p be 6/(-33) + (-1992)/(-66). Let v(d) = -p + d + 68 - 30. What is v(-7)?
1
Suppose 56 = -32*k + 4*k. Let i(a) = a + 0 + 1 + 0*a**2 + a**2. Calculate i(k).
3
Let z(q) = q - 1. Let b(i) = -2*i + 2. Let w(y) = -2*b(y) - 5*z(y). Suppose j = -2*j + 21. Suppose -5*v = 5*t, -j*v + 3*v = -5*t + 9. What is w(t)?
0
Let j(z) = -z**3 + 15*z**2 - 15*z + 5. Suppose -58 = -4*m + s, -78 = -5*m + 5*s - s. Calculate j(m).
-9
Let g(y) be the second derivative of 0 + 3/2*y**2 - 1/2*y**3 - 3*y. Let s be (4 - (-170)/(-45))*9. Calculate g(s).
-3
Let m be (1/3)/((-17)/(-153)). Suppose -m*p + 0 = g + 3, g - 3*p - 21 = 0. Let i(h) = -9 + g + 6*h. Calculate i(-1).
-6
Let j(n) be the first derivative of n**3/3 + 6*n - 43. Let a be j(0). Let w(z) = 5 + 4*z - 5*z**2 + 0 + 4*z**2. Calculate w(a).
-7
Let v(u) = 7*u + 1. Let s(g) = -g**2 + 3*g - 2. Let k be s(4). Let i be (16/k)/(2/99). Let a be 24/i - 9/11. Give v(a).
-6
Let l(s) = s**3 + 3*s**2 - 3*s + 4. Let t be l(-4). Let o(q) = 7*q**2. Let g(m) = -9*m**2 + 1. Let n(y) = 3*g(y) + 4*o(y). What is n(t)?
3
Let a(p) = p + 7. Let g(n) = -3*n**3 + 2*n**2 - 3*n - 2. Let x be g(-2). Let w = x - 36. Determine a(w).
7
Let b = -1 + 2. Let c(r) = r. Let k(y) be the second derivative of -11*y**3/6 - 20*y. Let q(h) = -4*c(h) - k(h). Determine q(b).
7
Let b(k) be the first derivative of k**3/3 + k**2/2 + 3*k - 76. What is b(-4)?
15
Let g(h) = 3*h + 4. Suppose 150 = 3*m + 2*m. Suppose 3*d + 3 - m = 0. Suppose -2*n = 4*y - n + 12, -n = -3*y - d. What is g(y)?
-5
Let f(y) = 2*y - 9. Let k(a) = -2*a - 16. Let b be (22 - 24)*(-11)/(-2). Let j be k(b). Calculate f(j).
3
Suppose 2*c - 4*p + 0 = 20, 0 = -7*c + 2*p + 22. Let u(n) = -n**3 + 2*n**2. What is u(c)?
0
Let f(m) = -m**2 - 8*m + 2. Let t be 3*117/(-27) - -9. What is f(t)?
18
Suppose 11 = 2*g - r, 2*r + 19 - 1 = 3*g. Suppose -3*h + 4 = 6*t - 4*t, -2*h - g*t = 0. Let n(d) = d - 2*d - 2*d**3 + 4*d**h - 5 - 4*d + 3*d**3. What is n(-5)?
-5
Suppose 9*i - 34 - 11 = 0. Let u(q) be the third derivative of 0 + 1/3*q**3 - q**2 + 1/60*q**5 - 1/4*q**4 + 0*q. Determine u(i).
-3
Suppose -5*f + 3*d = -53, -5*f + 57 = -d - d. Let z(y) = -y**3 + 12*y**2 + 11*y + 18. Determine z(f).
-8
Let y(f) = 7*f + 2. Let r(c) = c - 1. Let o(x) = 16*x + 1. Let p(k) = -o(k) + 3*r(k). Let g(a) = 3*p(a) + 5*y(a). Give g(2).
-10
Let t(i) be the third derivative of i**5/60 + i**4/4 + 5*i**3/3 + 4*i**2 - 42*i. What is t(-4)?
2
Let v(s) = -s**2 - 2*s + 40. Let q be v(0). Suppose z = -5*n + 64, -3*n - 2*n = -5*z - q. Let w(h) = 39*h - 5 + n - 40*h. Determine w(8).
-1
Let l(z) = -2*z**2 + 6*z + 5. Let d(o) = -6 + 1 + 2 - o**2 - 14*o - 